


{"id":135,"date":"2014-07-02T19:38:47","date_gmt":"2014-07-02T19:38:47","guid":{"rendered":"https:\/\/prodmd.com\/bulletin_PMD\/?page_id=135"},"modified":"2019-11-27T12:32:35","modified_gmt":"2019-11-27T16:32:35","slug":"contact","status":"publish","type":"page","link":"https:\/\/prodmd.com\/bulletin_PMD\/contact\/","title":{"rendered":"Contact"},"content":{"rendered":"<p class=\"we123\" style=\"color: #ffffff;\"><span style=\"color: #000000;\">38 des Trembles<\/span><br \/>\n<span style=\"color: #000000;\">Saint-Jean-sur-Richelieu<\/span><br \/>\n<span style=\"color: #000000;\">Qu\u00e9bec J2W 1B1<\/span><\/p>\n<p class=\"we123\" style=\"color: #ffffff;\"><span style=\"color: #000000;\">T\u00e9l.: 514.282.0081<\/span><br \/>\n<span style=\"color: #000000;\">T\u00e9l.: 450.359.0131<\/span><\/p>\n<p class=\"we123\" style=\"color: #ffffff;\"><span style=\"color: #000000;\"><span style=\"color: #000000;\"><a href=\"mailto:prodmd@prodmd.com\">prodmd@prodmd.com<\/a><\/span><\/span><\/p>\n<p><iframe loading=\"lazy\" style=\"border: 0;\" src=\"https:\/\/www.google.com\/maps\/embed?pb=!1m18!1m12!1m3!1d2802.4230159412577!2d-73.36710599999999!3d45.38063700000001!2m3!1f0!2f0!3f0!3m2!1i1024!2i768!4f13.1!3m3!1m2!1s0x4cc9a19c15c49879%3A0x1d258344012b81a7!2sProduction+MD+Inc!5e0!3m2!1sen!2sca!4v1419346914951\" width=\"400\" height=\"400\" frameborder=\"0\"><\/iframe><\/p>\n<p><img decoding=\"async\" src=\"https:\/\/prodmd.com\/bulletin_PMD\/wp-content\/uploads\/2014\/06\/marketing_header_PMD.jpg\" alt=\"Une strat\u00e9gie marketing pour votre entreprise - Promo PMD\" \/><\/p>\n","protected":false},"excerpt":{"rendered":"<p>38 des Trembles Saint-Jean-sur-Richelieu Qu\u00e9bec J2W 1B1 T\u00e9l.: 514.282.0081 T\u00e9l.: 450.359.0131 prodmd@prodmd.com<\/p>\n","protected":false},"author":1,"featured_media":0,"parent":0,"menu_order":0,"comment_status":"closed","ping_status":"closed","template":"","meta":{"jetpack_post_was_ever_published":false,"footnotes":""},"class_list":["post-135","page","type-page","status-publish","hentry"],"jetpack_sharing_enabled":true,"jetpack_shortlink":"https:\/\/wp.me\/P4MHUp-2b","_links":{"self":[{"href":"https:\/\/prodmd.com\/bulletin_PMD\/wp-json\/wp\/v2\/pages\/135","targetHints":{"allow":["GET"]}}],"collection":[{"href":"https:\/\/prodmd.com\/bulletin_PMD\/wp-json\/wp\/v2\/pages"}],"about":[{"href":"https:\/\/prodmd.com\/bulletin_PMD\/wp-json\/wp\/v2\/types\/page"}],"author":[{"embeddable":true,"href":"https:\/\/prodmd.com\/bulletin_PMD\/wp-json\/wp\/v2\/users\/1"}],"replies":[{"embeddable":true,"href":"https:\/\/prodmd.com\/bulletin_PMD\/wp-json\/wp\/v2\/comments?post=135"}],"version-history":[{"count":4,"href":"https:\/\/prodmd.com\/bulletin_PMD\/wp-json\/wp\/v2\/pages\/135\/revisions"}],"predecessor-version":[{"id":2986,"href":"https:\/\/prodmd.com\/bulletin_PMD\/wp-json\/wp\/v2\/pages\/135\/revisions\/2986"}],"wp:attachment":[{"href":"https:\/\/prodmd.com\/bulletin_PMD\/wp-json\/wp\/v2\/media?parent=135"}],"curies":[{"name":"wp","href":"https:\/\/api.w.org\/{rel}","templated":true}]}}